= 12 - -23. Let z = l - 41. Let n be 1 + 16/12*z. Calculate s(n).
-6
Let u(l) = l + 4. Let m = 4468 - 4466. Calculate u(m).
6
Let i(q) = -q**3 - 6*q**2 + 27. Let v be i(-5). Let f(l) = l**3 + 59 - 115 + 59 + 2*l - l**v. Let r = 4 - 6. What is f(r)?
-13
Suppose -821*w - 30 = -827*w. Suppose -3*m + 11 = 2*b, 7*m + 3*b - 9 = w*m. Let q(r) be the third derivative of -r**5/60 - r**4/24 + r**3/6 + r**2. Give q(m).
-11
Let c(l) be the second derivative of -5*l**3/6 - 17*l**2/2 - 12*l. Let v be c(-5). Suppose 0*a = v*a - 40. Let k(u) = u**2 - 3*u + 6. Give k(a).
16
Let a(u) = -3*u**2 + u + 2. Let j(d) = 4*d - 53. Let h be j(39). Let f = h + -100. What is a(f)?
-22
Suppose 0 = 2*j - 3*b + 2, -3*j + 87*b - 82*b = 4. Let q(v) be the third derivative of 0 + 22*v**j + 0*v + 1/12*v**4 - v**3. What is q(4)?
2
Let j be 14/(-8)*(104/(-63) - (-114)/513). Let c(q) be the first derivative of 7 + j*q**2 + 1/3*q**3 - 5*q. Determine c(-5).
-5
Let m(g) = g**3 + 5*g**2 - 5*g. Suppose -4*d = -4, 5*q + 0*d - 133 = -3*d. Suppose -q + 14 = 2*t. What is m(t)?
-6
Let k(i) = -3*i**2 - 3*i + 1. Let j(t) = -t**2 - t + 1. Let o(g) = -2*j(g) + k(g). Let u be ((-696)/(-2) - 1)/(2 + -1). Let m = 344 - u. What is o(m)?
-7
Suppose -4*c = 16*c - 260. Let q(p) = -p**2 + 12*p - 4. What is q(c)?
-17
Let x(v) = -20*v - 81. Let g(k) = 18*k + 71. Let j(d) = 7*g(d) + 6*x(d). Calculate j(-9).
-43
Let p(m) = -m + 30. Suppose 0 = -128*d + 335 + 945. What is p(d)?
20
Let p(s) = s**3 - 4*s**2 - 18*s - 21. Let u be (-217)/93*1/((-1)/3). Give p(u).
0
Let k(d) = -3*d**3 + d**2 + 8*d - 4. Let t(j) = -j**3 + 3*j - 2. Let w(z) = 2*k(z) - 5*t(z). Suppose 3*r + 27 = 7*r + 5*c, 2*r - 2*c = 0. Determine w(r).
-4
Let t(y) be the third derivative of -y**7/5040 + y**5/4 + y**3/3 - 6*y**2 + 2. Let n(m) be the third derivative of t(m). Give n(1).
-1
Let z(b) be the second derivative of 5*b**3/2 - 94*b - 35. Let g(w) = -2*w + 4. Let m be g(3). Calculate z(m).
-30
Suppose 5*b + 15 = 0, -3*i + 2*i = -3*b + 9. Let v be (i/4 + 4)*-4. Let m(k) = -k**v + 2*k + k**2 - k - 7*k**2. Calculate m(-1).
-8
Let m(f) = 2 + 3*f + 0*f**3 - 3*f**3 + 2*f**3 - 2*f**2. Suppose 48*q - 55*q = -63. Suppose -2*r - 26 = q*l - 4*l, -5*l = 20. Give m(r).
2
Let w = 161 + -161. Suppose -m + 16 = 14, w = 5*y - 2*m - 16. Let d(v) = v**3 - 2*v**2 + v + 1. Calculate d(y).
37
Let i(v) = -25*v + 0*v**3 - 2*v**3 - 70*v - 6*v**2 - 9 + 90*v. What is i(-4)?
43
Let r(a) = -a**3 + 10*a**2 - 3*a + 19. Let u(w) = -57*w - 959. Let i be u(-17). Calculate r(i).
-11
Let l(t) = t**2 + 11*t + 17. Suppose -i + 8 = -v + 3, -4*v = 5*i - 16. Suppose -3*w = -i*o + 9, 1 = -2*w + 5*o + 2. What is l(w)?
-11
Let u(x) = 0*x + 23*x + 3*x - 25*x - x + x. Suppose -5*j - 30 = 5*p, 2*j + 2*p = 6*p - 24. Determine u(j).
-8
Let w(m) = 3*m - 27*m**2 - 11*m**2 + 39*m**2. Suppose 0 = 2*c + 2*v - v + 7, 5*v = 15. Calculate w(c).
10
Suppose -u + 3*o = -1, -8 = 10*o - 8*o. Let v(c) = c**3 + 9*c**2 - 22*c + 14. Determine v(u).
14
Let s = -1689 + 1702. Let p(a) = 20 - 15*a - 16*a**2 - 7 + 4*a**2 + a**3 - 12. Give p(s).
-25
Let o(l) be the second derivative of -5*l**3/6 - 2*l**2 - 189*l. Let k = 15 - 13. Suppose 5*i + 23 = 5*a - 7, -i = k*a. What is o(i)?
16
Let c = 69 - 172. Let k be (c/15 - -7) + (-274)/30. Let a(i) = -i**2 - 11*i - 4. What is a(k)?
14
Suppose 9*i = -i. Suppose i = -12*o + 13*o - 10. Let j(w) = w**3 - 11*w**2 + 10*w + 2. Let r be j(o). Let y(l) = 2*l**3 - 3*l**2 - l + 2. Calculate y(r).
4
Suppose -11*m + 115 = 12*m. Let l be ((-56)/(-40) - (-3)/m) + -7. Let c(w) = w**2 + 5*w - 5. What is c(l)?
-5
Let s(w) = w + 2*w**2 - 2*w - 21 + 33 - 5*w. Determine s(4).
20
Let q(n) = -n**3 + 4*n**2 + 11*n - 23. Suppose -17*i + 975 = 125*i + 123. Determine q(i).
-29
Suppose 17 - 14 = -8*p - 21. Let m(h) = 4*h + 10. Determine m(p).
-2
Let g = 182 + -179. Let w be (g/(-8))/((-9)/72). Let i(d) be the first derivative of -d**4/4 + d**3/3 + 3*d**2/2 - 4*d - 8. Determine i(w).
-13
Let y(p) = -6*p - 31. Let t(i) = 2*i - 8. Let w(x) = -6*t(x) - y(x). What is w(13)?
1
Let s(i) = -3*i**2 - 56*i + 24. Let r(p) = -7*p**2 - 137*p + 62. Let m(w) = -5*r(w) + 12*s(w). Determine m(15).
-52
Suppose -409 = -40*u + 431. Let x(f) = f**2 - 18*f - 44. Determine x(u).
19
Let y(x) = 14*x**3 - 7*x**2 + 2*x - 1. Let v(n) = 112*n**3 + 3*n**2 - 4*n**2 - 111*n**3. Let h(s) = -5*v(s) + y(s). Calculate h(1).
8
Let x(s) be the first derivative of s**4/6 + s**3/2 - 3*s**2/2 + 46*s + 5. Let z(i) be the first derivative of x(i). Let n = 18 + -22. What is z(n)?
17
Let q(s) = -s**3 - 3*s**2 - 32*s - 63. Let d be q(-2). Let n(w) = w**3 + 7*w**2 + 7*w + 2. Give n(d).
17
Let g(q) = -18*q + 77. Let a be g(4). Let h be 1 - ((-75)/(-5))/a. Let x(v) = v**3 + v**2 + v - 2. Give x(h).
-8
Let r(m) = m**2 + 9*m. Suppose -5*c = 4*i + i + 470, -4*i - c - 367 = 0. Let q = 85 + i. Give r(q).
-18
Let o(m) = -m**2 - 3*m + 16. Let c(u) = u**3 + 17*u**2 + 22*u - 126. Let k be c(-15). What is o(k)?
-2
Let t(w) be the third derivative of 0*w + 1/120*w**6 + 38*w**2 + 1/24*w**4 + 0 + 1/15*w**5 + 2/3*w**3. Give t(-3).
10
Let b(d) = -d**3 - 44*d**2 - 44*d - 57. Let s(z) = z**2 - 117*z + 1123. Let q be s(11). Give b(q).
-14
Let o(j) = -j**2 + 82*j - 1488. Let p be o(55). Let c be -2 + 2 - (13 - 1). Let u be ((-16)/c)/(4/p*-1). Let i(n) = n - 1. What is i(u)?
0
Let n = 61 + -47. Let r(u) be the first derivative of -2 - 29 + u**2 - 4*u - n. Calculate r(5).
6
Suppose 24*c - 27*c = -840. Let r = c - 278. Let m(p) = 6*p**3 + 2*p**2 - 9*p + 3. Let b(w) = w**3 + w**2 - w. Let g(y) = -5*b(y) + m(y). What is g(r)?
-9
Let q(k) be the third derivative of -k**5/60 - 5*k**4/12 - 11*k**3/6 + 137*k**2. Let t(p) = p**2 + 11*p + 13. Let j(h) = 6*q(h) + 5*t(h). What is j(-5)?
-1
Suppose -309*b = -304*b - 15. Let v(u) = 20*u - 9. Let j(p) = -13*p + 6. Let f(z) = 7*j(z) + 5*v(z). Give f(b).
24
Let a(y) = y - 15. Suppose -49 + 353 = 19*j. Let f be j/(-24)*7/(7/(-12)). What is a(f)?
-7
Let v(g) = g - 3. Let s(t) = 2*t - 16. Let p(z) = -2*s(z) + v(z). Determine p(12).
-7
Let m(n) be the first derivative of 61*n**2/2 - 11*n + 6178. Determine m(2).
111
Suppose 99*f - 92*f - 28 = 0. Let x(d) = 2*d**3 - 2*d**2 - 1. Let h(y) = -3*y**3 + y**2 - y + 2. Let g(p) = f*x(p) + 3*h(p). Calculate g(-5).
17
Let c(k) = 2*k**2 + 29*k - 17. Let i be c(-15). Let f be ((-6)/(-20)*i)/(36/(-180)). Let r(s) = s**3 - 2*s**3 + 2*s**2 + 3*s - 2 + 5 - 4*s. Determine r(f).
-9
Let y(u) be the second derivative of u**5/30 + u**4/12 - 29*u**3/3 + u**2 - 2*u - 24. Let d(g) be the second derivative of y(g). Give d(2).
10
Let r(q) = q**3 + 7*q**2 + 20*q - 2. Let z(m) = -3*m**3 - 25*m**2 - 61*m + 8. Let a(u) = -13*r(u) - 4*z(u). What is a(6)?
6
Let v(n) be the first derivative of 28 - 2*n - 1/6*n**3 + 1/12*n**4 + 3*n**2. Let q(f) be the first derivative of v(f). What is q(0)?
6
Let k(l) = l**3 + 16*l**2 + 18*l + 4. Suppose 3008*d - 5*h + 70 = 3004*d, 4*d = -5*h - 50. Determine k(d).
-41
Let y(w) = 3*w**3 - 8*w**2 + 7*w - 3. Let q(t) = -8*t**3 + 21*t**2 - 21*t + 11. Let u(p) = 4*q(p) + 11*y(p). Calculate u(5).
1
Let c be ((-210)/28 - 0)/((-6)/(-8)). Let b(j) = 2*j + 10. Determine b(c).
-10
Let j(w) = -w - 1. Let m(t) = 4*t**2 + 3*t + 2. Suppose 2*p + 78 = -0*p. Let r = p + 38. Let b(h) = r*m(h) - 4*j(h). Give b(2).
-12
Let k(m) be the first derivative of 10*m**2 + 155*m - 2515. Give k(-8).
-5
Let b be (-21)/3 + (12 + -4)*2 + -1. Let g(j) = -j**2 + 15*j - 13. Give g(b).
43
Let y = -1472 - -5509. Let u(o) = 4035*o - 5 - y*o - 2. Determine u(-4).
1
Let j(h) = 96*h + 193. Let f = -9788 + 9786. What is j(f)?
1
Suppose 0 = -4*s + 2*r + 274, -119 = -2*s - r - 4*r. Let o = -77 + s. Let x(i) = -i**2 - 10*i - 2. Determine x(o).
-2
Let c be (80/(8 - 0))/1. Let l be 5/(-6 - ((-385)/c)/11). Let j(t) = t**3 + 3*t + 3. Give j(l).
-11
Let c(f) = -7*f**2 - 9*f + 19 + 33 - 42 + f**3. Let s(r) = -r**2 - 3*r - 5. Let d be s(-6). Let i = -15 - d. Give c(i).
2
Let p(r) = -2*r + 2946*r**2 + 2928*r**2 - 5873*r**2. Let m be -7*(-1 - 0) - 0. Let z = -4 + m. Calculate p(z).
3
Let m = 10455 - 10460. Let h(l) = -20*l - 37. Determine h(m).
63
Suppose 0 = -3*p + 295 - 283. Let q be p + -1 - 16/(-8) - 5. Let y(n) = -n - 10. Give y(q).
-10
Let y be (0 - 0) + 1 + 2. Let v = -79 + 113. Let l(h) = 11*h + 3 + 11*h - v*h + 11*h. Give l